d by 109?
107
Suppose 0 = s - 2*c - 5 - 4, 0 = s + 2*c - 29. Let y(x) be the third derivative of x**5/60 - x**3/3 - 2*x**2. What is the remainder when s is divided by y(3)?
5
Let s(n) = n**2 + 26*n + 222. Calculate the remainder when s(-15) is divided by 32.
25
Suppose 0*l - 5*f - 48 = -2*l, 0 = -5*l - f + 66. What is the remainder when 4/l + 257/7 is divided by 4?
1
Let k = -222 + 246. Calculate the remainder when 142 is divided by k.
22
Let x = -23 + 18. Calculate the remainder when (-3 - 510/x) + -3 is divided by 20.
16
Let j = 87 + -46. Let a = j - -36. What is the remainder when a is divided by 26?
25
Let f(o) = o**2 - 2*o**2 - 77*o**3 + 106*o**3 - 5 + 6. Calculate the remainder when f(1) is divided by 147/9 - (-1)/(-3).
13
Let x(u) = -3*u - 11. Let y be x(-8). Suppose 57 = v - 2*t, -7*t + 130 = 2*v - 3*t. Calculate the remainder when v is divided by ((-2)/(-3))/(y/312).
13
Let h(v) = v**2 + 25*v - 692. Calculate the remainder when h(-44) is divided by 6.
0
Let r = 16 + 21. Calculate the remainder when (-10)/4*(-5)/50*584 is divided by r.
35
Let n(y) be the third derivative of y**5/30 + y**4/12 + y**3/3 - 11*y**2. What is the remainder when n(-4) is divided by 14?
12
Suppose 6 = w + 17. Suppose 3*t - 4*b - b + 70 = 0, 5*t - 5*b = -110. Let h = w - t. What is the remainder when h is divided by 3?
0
Suppose -5*w + 10 = -0*w. Suppose 0 = -5*h + h, 5*u - w*h = 190. Calculate the remainder when 149 is divided by u.
35
Let i = 4 - -1. Let a = -266 - -409. Suppose 91 = 13*p - a. Calculate the remainder when p is divided by i.
3
Suppose -4*g - 42 = -46. Calculate the remainder when -4*g/(-18) - (-727)/9 is divided by 28.
25
Let t(o) = o**3 - 5*o**2 + 10*o - 10. Calculate the remainder when 288 is divided by t(3).
0
Let f = 542 + -354. Let s = f - 328. Calculate the remainder when 0 - s/(-6)*-3 is divided by 24.
22
Let u(b) = -2*b + 4. Let z(r) = r + 1. Let m be z(4). Suppose m*j - 145 = 55. Calculate the remainder when j is divided by u(-5).
12
Let o(i) = i**3 - 14*i**2 - 14*i - 13. Let a be o(15). Let b = a - -38. What is the remainder when 155 is divided by b?
35
Let l = 11 - -1. Let t = -744 - -788. Calculate the remainder when t is divided by l.
8
Let h be 20/8*16/20. Suppose -5*z = -15, h*z - 3 = -a + 5*z. Calculate the remainder when 19 is divided by a.
7
Suppose -621 - 783 = -27*m. Calculate the remainder when m is divided by 19.
14
What is the remainder when (267/(-6))/(((-66)/36)/11) is divided by 17?
12
Let c(k) = -2*k. Let p be c(-2). Let x(i) = i**2 + 3*i + 3. What is the remainder when 92 is divided by x(p)?
30
Let x = -3 - -3. Suppose r = -3*r - 4*h + 96, x = -2*h + 2. Suppose -4 = 3*z - 19. Calculate the remainder when r is divided by z.
3
Let y = 1045 - 905. What is the remainder when y is divided by 3?
2
What is the remainder when ((-12)/30)/(2/(-335)) is divided by 14?
11
Suppose -3*a - 2*g = -2*a - 30, -3*a - 4*g + 82 = 0. Let u be 32/(-8) + (-10)/2. Let i = a + u. What is the remainder when i is divided by 4?
1
Suppose -74 = -4*i + 74. Let d = i + -22. What is the remainder when (1/(-3))/(1/(-78)) is divided by d?
11
Suppose 400*b - 398*b - 12 = 0. What is the remainder when b is divided by 4?
2
Suppose -3*y + 710 = -2*c, -6*y - 5*c = -2*y - 939. Suppose -6*w = -2*w - y. Let x = 166 - w. What is the remainder when x is divided by 27?
26
Calculate the remainder when 141 is divided by (-9 + 14)*13 - -5.
1
Suppose -35*h - 603 = -38*h. What is the remainder when h is divided by 17?
14
Suppose 0 = 3*x - 4*v - 26, 0 = -5*x + 2*x + v + 29. Suppose -12*l + 6*l + 282 = 0. Calculate the remainder when l is divided by x.
7
Let c = -52 + 93. Let j = 46 - c. What is the remainder when 10 is divided by j?
0
Let l = -928 + 1049. What is the remainder when l is divided by 52?
17
Let c(n) = 13*n**2 - 19*n - 15. Let b(y) = 7*y**2 - 10*y - 8. Let j(z) = -11*b(z) + 6*c(z). Calculate the remainder when 47 is divided by j(6).
7
Let o(j) = j**3 - 2*j**2 + 3*j - 3. Let f be o(2). Suppose -2*c + 3 = c, -g = f*c + 25. What is the remainder when 142 is divided by (-378)/g*(-16)/(-6)?
34
Let x = -1230 + 1262. Calculate the remainder when 186 is divided by x.
26
Suppose -3*h + 8*h - 10 = 0. Suppose -h*z + 7 = -8*r + 3*r, -4*r + 4 = 0. What is the remainder when 63 is divided by (-52)/z*(-30)/20?
11
Let z = -729 - -1054. Suppose -3*v - 97 = -z. What is the remainder when v is divided by 39?
37
Let y(n) = n**3 + n**2 - 3*n. Suppose -64*b + 57*b + 1120 = 0. Calculate the remainder when b is divided by y(3).
25
Suppose -337*w = -322*w - 2025. Calculate the remainder when w is divided by 33.
3
Let y(w) = 10*w + 42. Let x be y(-3). Calculate the remainder when 123/4*x/9 is divided by 16.
9
Let g(y) = -7*y + 4. Suppose w + 6 = 2. Calculate the remainder when 94 is divided by g(w).
30
Suppose 28*o + 16 = 30*o. Calculate the remainder when 1414 is divided by o.
6
Let l(q) = -q**2 - 8*q - 4. Let t be l(-7). Suppose c - t*i = 2, -1 = -2*c + 4*i + 11. What is the remainder when c is divided by 2?
0
Let d = 26 + -21. Let z(a) = a**3 - 7*a**2 + 12*a - 1. Let v = 34 + 1. What is the remainder when v is divided by z(d)?
8
Let a(x) = x**3 - 11*x**2 - 12*x + 17. Let c be a(12). Suppose -c*g = -4*g - 221. What is the remainder when g is divided by 10?
7
Suppose -2*a + 3*q + 32 = -2*q, q = -2. Let x be (8376/20)/3 - 4/(-10). Suppose 0*v - x = -7*v. What is the remainder when v is divided by a?
9
Let z(r) = -11*r - 48. Let b be z(-5). Let s(c) = -3*c + 47. What is the remainder when 48 is divided by s(b)?
22
Let g = -1676 - -1795. What is the remainder when g is divided by 54?
11
Let t = 264 + -205. Calculate the remainder when t is divided by 16.
11
Let v(n) = 3*n**2 + 3*n - 3. Suppose 0 = -3*p - q + 215, -7*p + 6*p + q + 73 = 0. Calculate the remainder when p is divided by v(2).
12
Suppose -1 = -10*j + 19. What is the remainder when -3 + 3/j*(-464)/(-12) is divided by 7?
6
Let r(o) = 3*o - 10. Suppose -j - 3*j = -5*z - 43, -63 = -5*j - 3*z. Calculate the remainder when r(j) is divided by 4.
2
Let y = 1405 - 1391. What is the remainder when y is divided by (-2)/(-4)*-3*-2?
2
Suppose 8*j = 15*j - 1470. Suppose -186 = -9*f + j. Calculate the remainder when f is divided by 24.
20
Let p = 283 - 94. Suppose 3*o - 2*o - 63 = 5*j, -3*o = -2*j - p. What is the remainder when o is divided by 32?
31
Let r(s) = -2*s**3 - 4*s**2 - s + 12. Calculate the remainder when r(-5) is divided by 19.
15
Let i(b) = 4*b**2 - 4*b - 12. Let f be i(-4). Let q = 127 - f. What is the remainder when q is divided by 22?
15
Let y = 45 - -444. What is the remainder when y is divided by 41?
38
Let q be (-216)/4 + (-1 - (-4)/2). Let n = -34 - q. What is the remainder when (-536)/(-10) - 4/(-10) is divided by n?
16
Let t(d) = d**3 + 10*d**2 + 7*d + 8. Suppose 39 = 7*s - 3. What is the remainder when t(-4) is divided by s?
4
Suppose -6*o + 2 - 8 = 0. Calculate the remainder when 20 is divided by (-1 + (o - -8))*(-4)/(-3).
4
Suppose 5*m = -4 + 14. Suppose 3*i = m*i + 2*x + 23, 5*i - 135 = 5*x. Suppose 77 = 10*s - 3. What is the remainder when i is divided by s?
7
Let c(u) = u**3 - 10*u**2 + 12*u. Let g be (6/(-1))/((-4)/6). Suppose -36 = -4*l - 4*v, -15 - 22 = -4*l - 3*v. What is the remainder when c(g) is divided by l?
7
Suppose 0 = -13*v + 403 - 26. What is the remainder when 40 is divided by v?
11
Suppose 3*z + d = 37, 3*z - 29 - 16 = 3*d. Let g = z - 37. Calculate the remainder when (g + 5)/(1 + -2) is divided by 11.
8
Let o = -583 - -639. Calculate the remainder when 559 is divided by o.
55
Let r(a) = a**3 - 23*a**2 - 40*a + 55. Calculate the remainder when r(26) is divided by 9.
8
Suppose 16*o = 7*o + 126. Suppose -620 = i - 6*i. Calculate the remainder when i is divided by o.
12
Let i = 3 - 2. Suppose 0 = -w - 3*m - 18, 0 = -2*w - w - 5*m - 34. Let k(n) = -5*n - 10. What is the remainder when k(w) is divided by i?
0
Suppose 2*r - j - 117 = -2*j, -2*j = -5*r + 306. Suppose 10*q + 0*q - r = 0. Calculate the remainder when 27 is divided by q.
3
Let k(o) = o**3 - 7*o**2 - 7*o + 10. Suppose -5*y - 49 = 2*a - 5*a, -y = -2*a + 21. What is the remainder when k(8) is divided by a?
2
Let x(r) = -r**3 - 14*r**2 + 3. Let a be x(-14). Calculate the remainder when 175/3 - 1/a is divided by 12.
10
Let w be -17 + 21